{"id":427,"date":"2019-04-10T07:53:19","date_gmt":"2019-04-10T07:53:19","guid":{"rendered":"http:\/\/www.parkourbilbao.com\/?page_id=427"},"modified":"2019-10-07T07:54:04","modified_gmt":"2019-10-07T07:54:04","slug":"unidades-didacticas","status":"publish","type":"page","link":"http:\/\/www.parkourbilbao.com\/?page_id=427","title":{"rendered":"Unidades Did\u00e1cticas"},"content":{"rendered":"\t\t<div data-elementor-type=\"wp-post\" data-elementor-id=\"427\" class=\"elementor elementor-427\">\n\t\t\t\t\t\t\t\t\t<section class=\"elementor-section elementor-top-section elementor-element elementor-element-73b02ee4 elementor-section-boxed elementor-section-height-default elementor-section-height-default\" data-id=\"73b02ee4\" data-element_type=\"section\">\n\t\t\t\t\t\t<div class=\"elementor-container elementor-column-gap-default\">\n\t\t\t\t\t<div class=\"elementor-column elementor-col-100 elementor-top-column elementor-element elementor-element-754f1a8f\" data-id=\"754f1a8f\" data-element_type=\"column\">\n\t\t\t<div class=\"elementor-widget-wrap elementor-element-populated\">\n\t\t\t\t\t\t\t\t<div class=\"elementor-element elementor-element-55d55502 elementor-widget elementor-widget-text-editor\" data-id=\"55d55502\" data-element_type=\"widget\" data-widget_type=\"text-editor.default\">\n\t\t\t\t<div class=\"elementor-widget-container\">\n\t\t\t\t\t\t\t<p><!-- wp:paragraph --><\/p>\n<p style=\"text-align: center;\">Secuencia metodol\u00f3gica compuesta por varias sesiones para trabajar una a una y de manera exhaustiva las bases y finalidades del Parkour. As\u00ed como las habilidades psicomotrices y valores sociales y c\u00edvicos para formar practicantes responsables.<\/p>\n<p style=\"text-align: center;\">Pensado principalmente para centros educativos, el n\u00famero de sesiones variar\u00e1 en funci\u00f3n de las necesidades de cada uno, pero el m\u00ednimo para poder cumplir la formaci\u00f3n b\u00e1sica es de 4 sesiones.<\/p>\n<p style=\"text-align: center;\">Cada sesi\u00f3n cuenta con la\u00a0<strong>presencia m\u00ednima de 2 monitores<\/strong>. Tiene una\u00a0<strong>duraci\u00f3n de 1:15-1:30h<\/strong>. Y est\u00e1 dirigida a un\u00a0<strong>m\u00e1ximo de 30 personas<\/strong>.<\/p>\n<p><!-- \/wp:paragraph --><\/p>\t\t\t\t\t\t<\/div>\n\t\t\t\t<\/div>\n\t\t\t\t\t<\/div>\n\t\t<\/div>\n\t\t\t\t\t\t\t<\/div>\n\t\t<\/section>\n\t\t\t\t<section class=\"elementor-section elementor-top-section elementor-element elementor-element-1c6fbfb elementor-section-boxed elementor-section-height-default elementor-section-height-default\" data-id=\"1c6fbfb\" data-element_type=\"section\">\n\t\t\t\t\t\t<div class=\"elementor-container elementor-column-gap-default\">\n\t\t\t\t\t<div class=\"elementor-column elementor-col-100 elementor-top-column elementor-element elementor-element-3737125\" data-id=\"3737125\" data-element_type=\"column\">\n\t\t\t<div class=\"elementor-widget-wrap elementor-element-populated\">\n\t\t\t\t\t\t\t\t<div class=\"elementor-element elementor-element-1a56b86 elementor-widget elementor-widget-video\" data-id=\"1a56b86\" data-element_type=\"widget\" data-settings=\"{&quot;video_type&quot;:&quot;hosted&quot;,&quot;controls&quot;:&quot;yes&quot;}\" data-widget_type=\"video.default\">\n\t\t\t\t<div class=\"elementor-widget-container\">\n\t\t\t\t\t<div class=\"e-hosted-video elementor-wrapper elementor-open-inline\">\n\t\t\t\t\t<video class=\"elementor-video\" src=\"http:\/\/www.parkourbilbao.com\/wp-content\/uploads\/2019\/09\/Unidad-didactica.mp4\" controls=\"\" preload=\"metadata\" controlsList=\"nodownload\" poster=\"http:\/\/www.parkourbilbao.com\/wp-content\/uploads\/2019\/03\/12094935_825685127540416_1346645432444923010_o.jpg\"><\/video>\n\t\t\t\t<\/div>\n\t\t\t\t<\/div>\n\t\t\t\t<\/div>\n\t\t\t\t\t<\/div>\n\t\t<\/div>\n\t\t\t\t\t\t\t<\/div>\n\t\t<\/section>\n\t\t\t\t\t\t\t<\/div>\n\t\t","protected":false},"excerpt":{"rendered":"<p>Secuencia metodol\u00f3gica compuesta por varias sesiones para trabajar una a una y de manera exhaustiva las bases y finalidades del Parkour. As\u00ed como las habilidades psicomotrices y valores sociales y c\u00edvicos para formar practicantes responsables. Pensado principalmente para centros educativos, el n\u00famero de sesiones variar\u00e1 en funci\u00f3n de las necesidades de cada uno, pero el &hellip; <\/p>\n","protected":false},"author":1,"featured_media":0,"parent":0,"menu_order":0,"comment_status":"closed","ping_status":"closed","template":"","meta":{"footnotes":""},"_links":{"self":[{"href":"http:\/\/www.parkourbilbao.com\/index.php?rest_route=\/wp\/v2\/pages\/427"}],"collection":[{"href":"http:\/\/www.parkourbilbao.com\/index.php?rest_route=\/wp\/v2\/pages"}],"about":[{"href":"http:\/\/www.parkourbilbao.com\/index.php?rest_route=\/wp\/v2\/types\/page"}],"author":[{"embeddable":true,"href":"http:\/\/www.parkourbilbao.com\/index.php?rest_route=\/wp\/v2\/users\/1"}],"replies":[{"embeddable":true,"href":"http:\/\/www.parkourbilbao.com\/index.php?rest_route=%2Fwp%2Fv2%2Fcomments&post=427"}],"version-history":[{"count":6,"href":"http:\/\/www.parkourbilbao.com\/index.php?rest_route=\/wp\/v2\/pages\/427\/revisions"}],"predecessor-version":[{"id":593,"href":"http:\/\/www.parkourbilbao.com\/index.php?rest_route=\/wp\/v2\/pages\/427\/revisions\/593"}],"wp:attachment":[{"href":"http:\/\/www.parkourbilbao.com\/index.php?rest_route=%2Fwp%2Fv2%2Fmedia&parent=427"}],"curies":[{"name":"wp","href":"https:\/\/api.w.org\/{rel}","templated":true}]}}